e prime factors of 6178.
2, 3089
List the prime factors of 6347.
11, 577
List the prime factors of 10661.
7, 1523
List the prime factors of 300.
2, 3, 5
List the prime factors of 870.
2, 3, 5, 29
What are the prime factors of 8008?
2, 7, 11, 13
What are the prime factors of 848?
2, 53
List the prime factors of 37060.
2, 5, 17, 109
What are the prime factors of 1296?
2, 3
What are the prime factors of 11469?
3, 3823
List the prime factors of 24349.
13, 1873
List the prime factors of 2377.
2377
What are the prime factors of 732?
2, 3, 61
List the prime factors of 8011.
8011
What are the prime factors of 1769?
29, 61
List the prime factors of 1198.
2, 599
List the prime factors of 2458.
2, 1229
List the prime factors of 3155.
5, 631
List the prime factors of 939.
3, 313
What are the prime factors of 9159?
3, 43, 71
What are the prime factors of 114305?
5, 22861
What are the prime factors of 6959?
6959
What are the prime factors of 2347?
2347
List the prime factors of 1425.
3, 5, 19
List the prime factors of 147.
3, 7
List the prime factors of 3832.
2, 479
What are the prime factors of 5514?
2, 3, 919
List the prime factors of 283.
283
List the prime factors of 67772.
2, 16943
What are the prime factors of 2452?
2, 613
What are the prime factors of 545?
5, 109
What are the prime factors of 2608?
2, 163
What are the prime factors of 981?
3, 109
What are the prime factors of 6929?
13, 41
What are the prime factors of 32620?
2, 5, 7, 233
What are the prime factors of 39987?
3, 1481
What are the prime factors of 7848?
2, 3, 109
What are the prime factors of 7944?
2, 3, 331
What are the prime factors of 1814?
2, 907
What are the prime factors of 1490?
2, 5, 149
List the prime factors of 394.
2, 197
What are the prime factors of 1067?
11, 97
List the prime factors of 61764.
2, 3, 5147
List the prime factors of 72055.
5, 14411
List the prime factors of 1884.
2, 3, 157
What are the prime factors of 36369?
3, 449
List the prime factors of 55230.
2, 3, 5, 7, 263
List the prime factors of 11642.
2, 5821
List the prime factors of 31134.
2, 3, 5189
What are the prime factors of 23403?
3, 29, 269
List the prime factors of 1902.
2, 3, 317
What are the prime factors of 197?
197
List the prime factors of 4070.
2, 5, 11, 37
List the prime factors of 19506.
2, 3, 3251
What are the prime factors of 1405?
5, 281
What are the prime factors of 7199?
23, 313
List the prime factors of 16977.
3, 5659
List the prime factors of 352.
2, 11
What are the prime factors of 4695?
3, 5, 313
List the prime factors of 25906.
2, 12953
What are the prime factors of 1781?
13, 137
List the prime factors of 7184.
2, 449
What are the prime factors of 1887?
3, 17, 37
List the prime factors of 1867.
1867
What are the prime factors of 10250?
2, 5, 41
What are the prime factors of 3938?
2, 11, 179
List the prime factors of 3121.
3121
List the prime factors of 9340.
2, 5, 467
List the prime factors of 485.
5, 97
What are the prime factors of 2269?
2269
What are the prime factors of 869?
11, 79
List the prime factors of 167136.
2, 3, 1741
What are the prime factors of 21499?
21499
What are the prime factors of 3595?
5, 719
List the prime factors of 11539.
11, 1049
List the prime factors of 1803.
3, 601
List the prime factors of 2328.
2, 3, 97
What are the prime factors of 5?
5
What are the prime factors of 47315?
5, 9463
List the prime factors of 8632.
2, 13, 83
List the prime factors of 38988.
2, 3, 19
What are the prime factors of 20?
2, 5
List the prime factors of 12751.
41, 311
What are the prime factors of 46091?
46091
What are the prime factors of 2419?
41, 59
What are the prime factors of 1044?
2, 3, 29
What are the prime factors of 37749?
3, 12583
What are the prime factors of 1224?
2, 3, 17
List the prime factors of 476.
2, 7, 17
List the prime factors of 19499.
17, 31, 37
What are the prime factors of 1228?
2, 307
List the prime factors of 35415.
3, 5, 787
What are the prime factors of 25880?
2, 5, 647
List the prime factors of 798.
2, 3, 7, 19
What are the prime factors of 79923?
3, 26641
List the prime factors of 7254.
2, 3, 13, 31
List the prime factors of 20446.
2, 10223
What are the prime factors of 103?
103
List the prime factors of 153485.
5, 30697
What are the prime factors of 12002?
2, 17, 353
List the prime factors of 560.
2, 5, 7
What are the prime factors of 904?
2, 113
What are the prime factors of 5194?
2, 7, 53
What are the prime factors of 791?
7, 113
What are the prime factors of 2140?
2, 5, 107
What are the prime factors of 4173?
3, 13, 107
What are the prime factors of 2105?
5, 421
List the prime factors of 88.
2, 11
List the prime factors of 1889.
1889
List the prime factors of 1945.
5, 389
List the prime factors of 37387.
7, 109
What are the prime factors of 2619?
3, 97
List the prime factors of 58258.
2, 29129
List the prime factors of 327.
3, 109
List the prime factors of 114885.
3, 5, 23, 37
List the prime factors of 2960.
2, 5, 37
What are the prime factors of 12837?
3, 11, 389
List the prime factors of 6630.
2, 3, 5, 13, 17
List the prime factors of 6837.
3, 43, 53
What are the prime factors of 5430?
2, 3, 5, 181
What are the prime factors of 4065?
3, 5, 271
List the prime factors of 41188.
2, 7, 1471
What are the prime factors of 21204?
2, 3, 19, 31
What are the prime factors of 4076?
2, 1019
List the prime factors of 20166.
2, 3, 3361
List the prime factors of 17173.
13, 1321
List the prime factors of 331.
331
What are the prime factors of 1305?
3, 5, 29
What are the prime factors of 50700?
2, 3, 5, 13
List the prime factors of 39429.
3, 13, 337
What are the prime factors of 1009?
1009
What are the prime factors of 1436?
2, 359
List the prime factors of 879.
3, 293
List the prime factors of 36238.
2, 18119
What are the prime factors of 9318?
2, 3, 1553
What are the prime factors of 2374?
2, 1187
List the prime factors of 40689.
3, 11, 137
What are the prime factors of 83356?
2, 7, 13, 229
List the prime factors of 16010.
2, 5, 1601
List the prime factors of 26596.
2, 61, 109
What are the prime factors of 5657?
5657
List the prime factors of 817.
19, 43
What are the prime factors of 813?
3, 271
List the prime factors of 928.
2, 29
List the prime factors of 10070.
2, 5, 19, 53
List the prime factors of 422.
2, 211
What are the prime factors of 4279?
11, 389
List the prime factors of 147340.
2, 5, 53, 139
What are the prime factors of 1659?
3, 7, 79
What are the prime factors of 6042?
2, 3, 19, 53
List the prime factors of 1104.
2, 3, 23
List the prime factors of 1817.
23, 79
List the prime factors of 26064.
2, 3, 181
What are the prime factors of 7306?
2, 13, 281
List the prime factors of 6931.
29, 239
List the prime factors of 162.
2, 3
List the prime factors of 404.
2, 101
List the prime factors of 1011.
3, 337
What are the prime factors of 11251?
11251
List the prime factors of 148220.
2, 5, 7411
What are the prime factors of 9462?
2, 3, 19, 83
List the prime factors of 8372.
2, 7, 13, 23
What are the prime factors of 192?
2, 3
List the prime factors of 1013.
1013
List the prime factors of 135684.
2, 3, 3769
What are the prime factors of 29823?
3, 9941
List the prime factors of 1282.
2, 641
What are the prime factors of 1238?
2, 619
List the prime factors of 979.
11, 89
What are the prime factors of 5507?
5507
List the prime factors of 22345.
5, 41, 109
List the prime factors of 103099.
103099
List the prime factors of 608.
2, 19
List the prime factors of 6718.
2, 3359
List the prime factors of 4933.
4933
What are the prime factors of 28547?
28547
List the prime factors of 19645.
5, 3929
What are the prime factors of 101299?
11, 9209
What are the prime factors of 27080?
2, 5, 677
What are the prime factors of 23791?
37, 643
List the prime factors of 85740.
2, 3, 5, 1429
List the prime factors of 41935.
5, 8387
List the prime factors of 573.
3, 191
List the prime factors of 20476.
2, 5119
List the prime factors of 1427.
1427
What are the prime factors of 36660?
2, 3, 5, 13, 47
What are the prime factors of 87436?
2, 21859
What are the prime factors of 6631?
19, 349
List the prime factors of 26702.
2, 13, 79
List the prime factors of 1031.
1031
List the prime factors of 3405.
3, 5, 227
List the prime factors of 4202.
2, 11, 191
List the prime factors of 